{"id":11,"date":"2011-04-06T19:58:45","date_gmt":"2011-04-06T19:58:45","guid":{"rendered":"http:\/\/fotographem.de\/?page_id=11"},"modified":"2011-06-16T11:00:35","modified_gmt":"2011-06-16T11:00:35","slug":"home","status":"publish","type":"page","link":"https:\/\/fotographem.de\/","title":{"rendered":""},"content":{"rendered":"<p>J\u00f6rg Klinner<br \/>\nFotografie<\/p>\n<p>Anordnungen,<br \/>\nGef\u00fcge des Zerfalls,<br \/>\nperspektivische Dissonanzen,<br \/>\nLichtbrechungen,<br \/>\ngefundene, abstrakte, grafische Spuren,<br \/>\nnichts Zuf\u00e4lliges, nichts Arrangiertes,<br \/>\nextreme Distanzwechsel,<br \/>\nSichtbares wahrnehmbar machen<\/p>\n","protected":false},"excerpt":{"rendered":"<p>J\u00f6rg Klinner Fotografie Anordnungen, Gef\u00fcge des Zerfalls, perspektivische Dissonanzen, Lichtbrechungen, gefundene, abstrakte, grafische Spuren, nichts Zuf\u00e4lliges, nichts Arrangiertes, extreme Distanzwechsel, Sichtbares wahrnehmbar machen<\/p>\n","protected":false},"author":2,"featured_media":0,"parent":0,"menu_order":0,"comment_status":"closed","ping_status":"closed","template":"","meta":{"ngg_post_thumbnail":0,"footnotes":""},"class_list":["post-11","page","type-page","status-publish","hentry"],"_links":{"self":[{"href":"https:\/\/fotographem.de\/index.php?rest_route=\/wp\/v2\/pages\/11","targetHints":{"allow":["GET"]}}],"collection":[{"href":"https:\/\/fotographem.de\/index.php?rest_route=\/wp\/v2\/pages"}],"about":[{"href":"https:\/\/fotographem.de\/index.php?rest_route=\/wp\/v2\/types\/page"}],"author":[{"embeddable":true,"href":"https:\/\/fotographem.de\/index.php?rest_route=\/wp\/v2\/users\/2"}],"replies":[{"embeddable":true,"href":"https:\/\/fotographem.de\/index.php?rest_route=%2Fwp%2Fv2%2Fcomments&post=11"}],"version-history":[{"count":8,"href":"https:\/\/fotographem.de\/index.php?rest_route=\/wp\/v2\/pages\/11\/revisions"}],"predecessor-version":[{"id":44,"href":"https:\/\/fotographem.de\/index.php?rest_route=\/wp\/v2\/pages\/11\/revisions\/44"}],"wp:attachment":[{"href":"https:\/\/fotographem.de\/index.php?rest_route=%2Fwp%2Fv2%2Fmedia&parent=11"}],"curies":[{"name":"wp","href":"https:\/\/api.w.org\/{rel}","templated":true}]}}